 number?
True
Let l(t) = -1478*t - 1. Is l(-1) a composite number?
True
Let v be (2 + -6)/2 + 9. Suppose -4*k + 24 = -c - 76, -5*c + 150 = 5*k. Let a = k - v. Is a a composite number?
False
Suppose -5*o - 148 = -7*o. Suppose -v + o + 3 = 0. Is v prime?
False
Let z = -573 - -1075. Is z prime?
False
Suppose -x + 259 = -0*x. Is x composite?
True
Is 1/(0 - 1/(-59)) prime?
True
Let l be (2*-7 + 0)/2. Let p = l - -13. Is p prime?
False
Let s be 6 + -3 - 12 - 0. Is s/(-2)*(-268)/(-6) a prime number?
False
Suppose -2*x = 4*d - 518, -x + 4*d = -4*x + 769. Is x composite?
False
Let h = 358 + -251. Let g(x) = -13*x + 2. Let k be g(6). Let r = k + h. Is r prime?
True
Suppose 1 + 5 = 3*a. Suppose a*t - 46 - 126 = 0. Is 2 + -2 + -1 + t a composite number?
True
Suppose -2*t + 3*b = -t + 2, -4*t = -4*b + 32. Let f be (-2856)/(-22) - 2/t. Suppose x - 21 = -5*j, f = 5*x - x - 3*j. Is x prime?
True
Let y(h) = -h - 11. Let n be y(-16). Suppose 5*p - 485 = -n*f, -p = 3*f + 3*p - 293. Is f composite?
True
Suppose -57*l + 60*l - 2031 = 0. Is l composite?
False
Suppose 0*v + 3*v = d - 1396, -d = 2*v - 1371. Is d prime?
True
Suppose k - 2 = 0, -b - b + 2*k - 4 = 0. Suppose b = -y - 0*y + 31. Suppose t - 5*g - y = 0, -3*g - 31 = -t - 5*g. Is t prime?
True
Suppose 0 = 4*c - 0*c + 3*g - 344, 5*c - 429 = -4*g. Is c prime?
True
Let o = -383 - -676. Is o a composite number?
False
Let v = 423 + -214. Is v prime?
False
Suppose -a = -2*a + 3, -4*n + 89 = -5*a. Is n a prime number?
False
Let p(t) = t**3 - 5*t**2 - 7*t + 9. Let v be p(6). Suppose 5*c - 323 = v*w, 0*c - w - 63 = -c. Is c a composite number?
False
Let t be (-254)/8 + (-9)/36. Let v be 983/9 + 4/(-18). Let u = v + t. Is u prime?
False
Let v(o) = 34*o**2 + o. Is v(-2) a composite number?
True
Let m = 11 + -3. Let u = 15 - m. Let d = 18 - u. Is d a composite number?
False
Let b = 2 + 0. Suppose q = -b*r + 6*q + 61, -5*q + 170 = 5*r. Is r a composite number?
True
Let i(n) = -8 - n**3 + 8*n**2 + 2 - 4 + 0*n**3 + 10*n. Is i(7) prime?
True
Let z(r) = -8*r**3 - 4*r**2 + 5*r + 5. Is z(-6) a composite number?
False
Let l(v) = 22*v**2 + 19*v + 41. Is l(-10) prime?
False
Suppose -4*b = -9*b + 760. Let r = b - 39. Is r a composite number?
False
Let v = -1 - 1. Let m = v + 2. Suppose m = -c + 4*o + 29, -2*c - 3*o = 7 - 43. Is c a composite number?
True
Let y be 5/7 + 4/14. Is y*-3*13/(-3) a prime number?
True
Suppose 4 = -3*k + 5*k. Let w(r) = 14*r**2 + r - 1. Let q be w(k). Let i = -24 + q. Is i a composite number?
True
Suppose -3*l + 665 = 194. Is l a prime number?
True
Let u(g) = 143*g + 42. Is u(7) a prime number?
False
Let o(c) = 9*c**3 + 2*c - 1. Let s be o(1). Suppose 0 = -b - 4*b + s. Is (2/(-4))/(b/(-148)) a composite number?
False
Let u(w) = -4*w - 3. Let t be u(-2). Suppose 5*x - 80 = -t*j, -j + 83 = 5*x + 3*j. Is x a composite number?
False
Let u = -475 + 748. Suppose 2*c + 0*s = s + 175, 3*c + 2*s - u = 0. Is c a composite number?
False
Let p(n) = 52*n - 3. Let a(x) = -51*x + 4. Suppose -2*b - 6 = -2*j, 4*j + 2 = 5*b + 19. Let q(f) = b*p(f) - 4*a(f). Is q(-1) a composite number?
True
Suppose 201*n - 202*n = -841. Is n a prime number?
False
Let q(v) = v**3 - 2*v**2 + 2*v - 2. Let h be q(2). Suppose s = -f + 3*s + 29, 5*f + h*s = 169. Is f a composite number?
True
Let f(k) = k**3 - 2*k**2 + 12*k - 4. Is f(5) a prime number?
True
Let q(n) = -n**3 - 5*n**2 - 22*n - 17. Is q(-15) composite?
True
Let k = -63 - -35. Let l = -16 - k. Is 30/(-4)*(-16)/l prime?
False
Suppose 0 = -4*q + 3*t + 7799, -1654 - 292 = -q - 3*t. Is q a prime number?
True
Let f = 79 + -8. Is f a prime number?
True
Let c = 84 - 46. Let u = 45 + -30. Let d = c + u. Is d a prime number?
True
Let n(i) = -i**3 - 9*i**2 + 6*i + 8. Let k be n(-9). Is k/4*(-13 + -1) a prime number?
False
Let u be (-14)/(-2) + 2 + -4. Is (-1)/(-1)*u*17 composite?
True
Let h(k) = -k**3 + 7*k**2 - 10*k + 7. Let j be h(6). Let f = 8 + j. Let u = f - -15. Is u a composite number?
True
Suppose 7*v - 4*v - 474 = 0. Is v a composite number?
True
Let y be (1/1)/(1/58). Suppose 0 = -g + 4*w - 25, 2*w - y = g + 3*g. Let i = g - -36. Is i prime?
True
Let y = 155 + -108. Is y a prime number?
True
Suppose -4*j + 7*q - 3*q = 0, -3*j - 16 = 5*q. Is j - (-16)/((-8)/(-4)) composite?
True
Is (2 - 1 - 0)/((-3)/(-2463)) a prime number?
True
Let x(m) = 20*m + 11. Is x(9) composite?
False
Let p = 14 + -10. Suppose 0 = p*r + 4*h, 0*r - 9 = -5*r - 2*h. Suppose -r*g + 75 = -78. Is g composite?
True
Let x be ((-1)/(-3))/((-2)/6). Let p be (-7)/(x + 0) + 1. Let y(v) = -v**2 + 9*v + 6. Is y(p) composite?
True
Suppose 3*z = 5*z - 222. Is z a prime number?
False
Let b be 8 + 2/2*0. Suppose -b = -5*a + a. Is (-2 + 293)*a/6 composite?
False
Let d(f) = -f**3 + 2*f**2 + 3*f + 2. Let v be d(3). Suppose 318 + 196 = v*p. Is p a prime number?
True
Suppose 0 = 3*l - 0*l. Let n(i) = -i**3 - i + 377. Is n(l) prime?
False
Let z(k) be the first derivative of -1/4*k**4 + k + 2*k**2 - 1/3*k**3 + 2. Is z(-3) a composite number?
False
Let w(j) = 34*j**2 + 5*j + 2. Is w(3) a composite number?
True
Let l(v) = 14*v**3 - 2*v**2 + v. Let h be l(1). Suppose -2*i + i = 2*p - 166, -p - i = -84. Suppose h = 5*b - p. Is b prime?
True
Let d(f) = f**3 - 7*f**2 + 6*f + 1. Let c be d(6). Is -3 + (24 - (1 + c)) composite?
False
Let w(t) = 332*t**3 - 2*t**2 + 3*t - 2. Is w(1) prime?
True
Suppose -4*t - 6 + 18 = 0, -4*o - 3*t + 17 = 0. Suppose 56 = 5*c + v, 4*v = 3*c + o*v - 44. Is ((-316)/6)/(c/(-18)) a composite number?
False
Suppose -4*m + 1160 = -4*j, 4*j + 1027 = 5*m - 426. Is m a prime number?
True
Let q = 72 - 106. Let t = q + 83. Suppose 3*s = -3*b + 5 + t, 2*s - 4*b - 66 = 0. Is s prime?
True
Let s = 43 + -10. Suppose -5*y + y = -8. Let i = y + s. Is i a composite number?
True
Is 5/((-15)/(-6)) - -677 a composite number?
True
Suppose 0*k + 10 = 5*k. Suppose -3*c = 3*n - 912 + 144, -k*n = -3*c - 517. Is n prime?
True
Let w(r) = r - 1. Let z be w(3). Suppose -g - 4 + 18 = 0. Is 290/g + z/7 a prime number?
False
Suppose -87 = -w + 3*o + 10, 2*w = 5*o + 189. Suppose -v - h = -128, 0*h + 5*h + 521 = 4*v. Let j = w + v. Is j composite?
False
Let c be 0 + 115 - (1 - 2). Suppose 8 = 4*g - 0*g, -4*g = -4*p + c. Is p composite?
False
Is (-2037)/2*22/(-33) a composite number?
True
Suppose 5*u + 6 + 7 = 4*o, -o - 4*u = 23. Let v(x) be the first derivative of -27*x**2/2 - 2*x + 1. Is v(o) prime?
True
Let j = -64 + 93. Suppose 2*m = -2*i + 43 + j, -4*i + 12 = 0. Is m a composite number?
True
Suppose -570 - 640 = -c - 3*o, -3*c + 3643 = -4*o. Is c prime?
True
Let u(n) = n**3 - 8*n**2 + 6 - 2*n**3 - 4. Let k be u(-8). Suppose -k*a + 18 = 2*q, 5*q = a + 4*a + 25. Is q prime?
True
Let p be (-6 + 3)/((-6)/4). Let f(l) = 17*l**3 - 13*l + 4. Let x(k) = -11*k**3 + 9*k - 3. Let z(r) = 5*f(r) + 7*x(r). Is z(p) composite?
False
Let s(h) = -2*h**3 + h**2 + 3*h - 2. Let o be s(2). Let c = o + 7. Is c + -2*2*-14 prime?
False
Let n(o) = -o - 3. Let j be n(-8). Suppose -4*f - j*u + 102 = 0, u - 82 = -3*f - 0*f. Suppose 3*y - 67 = 5*d, -y + 1 + f = -5*d. Is y prime?
True
Let g(j) = -5*j**3 + 11*j**2 - 4*j. Let o(c) = -c**3 + c**2 + c - 1. Let k(r) = -g(r) + 4*o(r). Let d be k(6). Let q(b) = 10*b - 3. Is q(d) composite?
True
Suppose 282 = l + 5*f, 4*l = f + 977 + 46. Is l prime?
True
Let i = 16 - 10. Let m be (18/4)/(3/i). Is (12/m - 1)*21 a composite number?
False
Let n be -546 + 2 - (6 + -6). Let h = -377 - n. Is 15/10 + h/2 composite?
True
Is (29 - 33) + 3376 + -1 composite?
False
Let u be (-3)/(-9)*(1 + -1). Let w(c) = -4*c + 2*c**2 + u*c**2 + 3 + c**2. Is w(4) a prime number?
False
Let j be (-1)/((15/12)/5). Is ((-31)/4)/(j/16) composite?
False
Is 2/5 + 59132/20 a composite number?
False
Suppose 4*q = 18 + 22. Let i be (-4)/q - 8/(-20). Suppose -2*p - w + 4*w + 60 = i, -27 = -p + 3*w. Is p composite?
True
Suppose 4*g - 5*q = 196, 4*g = 3*q + 243 - 39. Suppose 0*s + s - 30 = 2*m, 2*s - m = g. Is s composite?
True
Suppose 3*i - 9 = -78. Let k = -9 - i. Is k a prime number?
False
Let s(y) = -y**3 - 3*y**2 - 3*y - 1. Let w be s(-2). Let h = w - -1. Is 0 + h + 57/3 a composite number?
True
Let g(j) = 69*j - 2. Let q = -6 - -4. Let w be g(q). Is (0 - -1)/((-4)/w) a composite number?
True
Let u(p) = -p**2 - 6*p + 3. Let b be u(-6). Let t(v) = 4*v**2 - v + 4.